1394?
True
Is 15 a factor of 660?
True
Is 7719 a multiple of 93?
True
Does 40 divide 7400?
True
Does 5 divide 125?
True
Does 11 divide 191?
False
Is 150 a multiple of 47?
False
Is 54 a factor of 340?
False
Does 10 divide 2190?
True
Does 15 divide 2387?
False
Is 6831 a multiple of 33?
True
Does 23 divide 25528?
False
Does 41 divide 1844?
False
Is 3 a factor of 160?
False
Does 18 divide 2088?
True
Is 15 a factor of 122955?
True
Is 4275 a multiple of 79?
False
Is 2 a factor of 32?
True
Is 152 a factor of 29080?
False
Is 39 a factor of 44372?
False
Is 5417 a multiple of 21?
False
Is 30800 a multiple of 140?
True
Does 33 divide 83?
False
Is 960 a multiple of 12?
True
Does 62 divide 65782?
True
Is 23 a factor of 14214?
True
Is 14 a factor of 62972?
True
Does 38 divide 420?
False
Does 37 divide 1955?
False
Is 2100 a multiple of 30?
True
Is 9 a factor of 3263?
False
Is 57 a factor of 171?
True
Is 3 a factor of 1488?
True
Is 58 a factor of 3306?
True
Is 19 a factor of 1879?
False
Does 5 divide 7355?
True
Does 12 divide 7874?
False
Is 20016 a multiple of 14?
False
Is 27 a factor of 73116?
True
Does 185 divide 26645?
False
Is 6 a factor of 18258?
True
Is 273 a multiple of 8?
False
Is 23 a factor of 144471?
False
Does 143 divide 27170?
True
Is 3914 a multiple of 19?
True
Does 25 divide 593?
False
Does 19 divide 1558?
True
Does 19 divide 4002?
False
Is 54 a factor of 2616?
False
Does 15 divide 675?
True
Does 14 divide 728?
True
Does 125 divide 11500?
True
Does 46 divide 34922?
False
Does 20 divide 2145?
False
Is 4158 a multiple of 7?
True
Is 1636 a multiple of 7?
False
Is 5265 a multiple of 40?
False
Is 212 a multiple of 38?
False
Is 3 a factor of 411?
True
Is 1406 a multiple of 43?
False
Does 15 divide 315?
True
Is 2 a factor of 465?
False
Is 3700 a multiple of 185?
True
Is 7 a factor of 259?
True
Does 9 divide 2547?
True
Is 57456 a multiple of 36?
True
Is 30912 a multiple of 46?
True
Does 19 divide 34?
False
Is 89 a multiple of 8?
False
Is 85034 a multiple of 41?
True
Does 5 divide 245?
True
Is 10 a factor of 12078?
False
Is 14 a factor of 110095?
False
Is 34222 a multiple of 32?
False
Does 14 divide 34868?
False
Is 3 a factor of 774?
True
Is 3078 a multiple of 81?
True
Is 24 a factor of 216?
True
Is 77 a factor of 486?
False
Is 3 a factor of 2291?
False
Is 2385 a multiple of 45?
True
Is 32 a factor of 2560?
True
Is 15 a factor of 2325?
True
Is 51 a factor of 49113?
True
Does 26 divide 104?
True
Does 14 divide 240?
False
Is 41 a factor of 2665?
True
Is 9 a factor of 6165?
True
Does 18 divide 180?
True
Is 1060 a multiple of 53?
True
Is 41 a factor of 3810?
False
Does 34 divide 476?
True
Does 22 divide 5910?
False
Is 64518 a multiple of 10?
False
Is 17 a factor of 316?
False
Does 39 divide 156?
True
Is 598 a multiple of 23?
True
Does 102 divide 1897?
False
Is 2790 a multiple of 62?
True
Is 48 a factor of 4080?
True
Is 14066 even?
True
Does 48 divide 17424?
True
Does 25 divide 323?
False
Is 360 a multiple of 9?
True
Does 8 divide 241?
False
Is 25 a factor of 33335?
False
Is 364 a multiple of 7?
True
Is 34 a factor of 21055?
False
Does 48 divide 2740?
False
Is 31 a factor of 372?
True
Is 13 a factor of 7704?
False
Is 2 a factor of 470?
True
Is 5 a factor of 635?
True
Is 126 a multiple of 7?
True
Is 15318 a multiple of 69?
True
Is 2318 a multiple of 122?
True
Is 63 a factor of 1449?
True
Is 25140 a multiple of 15?
True
Does 102 divide 2040?
True
Is 762 a multiple of 39?
False
Is 4323 a multiple of 131?
True
Is 55 a factor of 7292?
False
Does 27 divide 351?
True
Is 4368 a multiple of 12?
True
Is 5 a factor of 45?
True
Is 9 a factor of 4878?
True
Does 18 divide 437?
False
Does 7 divide 1193?
False
Is 37 a factor of 394?
False
Is 2 a factor of 427?
False
Does 51 divide 7701?
True
Is 65 a factor of 1300?
True
Is 2780 a multiple of 20?
True
Does 8 divide 503?
False
Does 11 divide 4265?
False
Is 2581 a multiple of 23?
False
Is 800 a multiple of 50?
True
Is 29 a factor of 16472?
True
Is 2678 a multiple of 26?
True
Does 12 divide 110?
False
Is 2402 a multiple of 17?
False
Is 10 a factor of 11094?
False
Is 14 a factor of 5109?
False
Is 43 a factor of 5633?
True
Is 203 a factor of 26999?
True
Is 2337 a multiple of 46?
False
Is 15 a factor of 45?
True
Is 25 a factor of 1750?
True
Does 8 divide 48?
True
Does 93 divide 4636?
False
Is 286 a multiple of 21?
False
Is 41 a factor of 533?
True
Is 8782 a multiple of 52?
False
Is 86 a factor of 1548?
True
Is 6 a factor of 210?
True
Does 183 divide 20130?
True
Is 786 a multiple of 3?
True
Is 22 a factor of 5420?
False
Does 91 divide 2184?
True
Does 9 divide 500?
False
Is 15 a factor of 3831?
False
Is 15 a factor of 34764?
False
Is 5578 a multiple of 49?
False
Is 1056 a multiple of 5?
False
Is 22 a factor of 2785?
False
Is 141 a factor of 2115?
True
Is 277 a factor of 26056?
False
Is 94991 a multiple of 68?
False
Is 61 a factor of 7076?
True
Is 238 a multiple of 8?
False
Does 16 divide 6080?
True
Is 21 a factor of 1344?
True
Is 360 a multiple of 4?
True
Is 27 a factor of 1080?
True
Is 1710 a multiple of 30?
True
Does 48 divide 11808?
True
Is 6 a factor of 125?
False
Does 20 divide 32822?
False
Is 120 a multiple of 40?
True
Is 3240 a multiple of 30?
True
Does 152 divide 5472?
True
Is 19836 a multiple of 348?
True
Is 158 a multiple of 17?
False
Does 37 divide 592?
True
Is 104 a multiple of 26?
True
Is 70 a factor of 21305?
False
Does 29 divide 17176?
False
Does 59 divide 13833?
False
Is 14 a factor of 1106?
True
Does 5 divide 24661?
False
Is 35 a factor of 1936?
False
Is 1035 a multiple of 8?
False
Is 10173 a multiple of 17?
False
Is 162 a multiple of 2?
True
Is 9 a factor of 4585?
False
Does 6 divide 910?
False
Does 7 divide 847?
True
Is 3 a factor of 17?
False
Is 22844 a multiple of 7?
False
Is 6630 a multiple of 51?
True
Is 9516 a multiple of 122?
True
Is 9 a factor of 9741?
False
Is 18 a factor of 9051?
False
Is 19700 a multiple of 20?
True
Does 26 divide 3323?
False
Is 52 a factor of 3427?
False
Is 656 a multiple of 2?
True
Is 3824 a multiple of 60?
False
Is 3201 a multiple of 5?
False
Is 121 a factor of 4477?
True
Is 2925 a multiple of 25?
True
Is 8820 a multiple of 126?
True
Is 48 a factor of 288?
True
Does 97 divide 3168?
False
Does 41 divide 779?
True
Is 74619 a multiple of 9?
True
Is 5070 a multiple of 10?
True
Is 1066 a multiple of 33?
False
Does 81 divide 931?
False
Is 12 a factor of 2460?
True
Is 86645 a multiple of 14?
False
Does 12 divide 1644?
True
Is 3 a factor of 1873?
False
Is 220 a multiple of 44?
True
Is 3 a factor of 48?
True
Is 2100 a multiple of 42?
True
Does 30 divide 6250?
False
Does 8 divide 487?
False
Does 12 divide 1500?
True
Is 11 a factor of 99?
True
Is 281 a multiple of 10?
False
Is 8 a factor of 1951?
False
Is 8914 a multiple of 142?
False
Is 9 a factor of 225?
True
Does 306 divide 82620?
True
Is 455 a multiple of 10?
False
Is 16 a factor of 195?
False
Is 496 a multiple of 32?
False
Is 75 a factor of 115194?
False
Is 8 a factor of 692?
False
Does 147 divide 8014?
False
Is 34 a factor of 986?
True
Does 14 divide 17248?
True
Does 71 divide 11008?
False
Does 18 divide 1112?
False
Is 855 a multiple of 4?
False
Is 2886 a multiple of 13?
True
Is 93890 a multiple of 17?
False
Does 10 divide 378?
False
Is 7112 a multiple of 7?
True
Is 7 a factor of 1944?
False
Is 952 a multiple of 68?
True
Does 298 divide 26989?
False
Does 6 divide 628?
False
Is 2 a factor of 2075?
False
Does 21 divide 434?
False
Is 2245 a multiple of 54?
False
Is 16092 a multiple of 36?
True
Is 17114 a multiple of 185?
False
Is 32857 a multiple of 29?
True
Is 11 a factor of 2620?
False
Does 6 divide 5562?
True
Is 24369 a multiple of 7?
False
Is 4 a factor of 18096?
True
Does 38 divide 510?
False
Does 15 divide 1185?
True
Is 17994 a multiple of 29?
False
Is 96 a multiple of 24?
True
Does 214 divide 17976?
True
Is 358 a factor of 19756?
False
Does 6 divide 6087?
False
Is 3 a factor of 63?
True
Is 105837 a multiple of 19?
False
Is 57 a factor of 14877?
True
Is 18288 a multiple of 7?
False
Does 6 divide 1596?
True
Is 5160 a multiple of 86?
True
Is 32 a factor of 1312?
True
Does 84 divide 78579?
False
Does 8 divide 2880?
True
Does 7 divide 39076?
False
Is 15 a factor of 15242?
False
Is 55 a factor of 28732?
False
Is 571 a multiple of 18?
Fa